{"id":207,"date":"2017-07-25T18:57:14","date_gmt":"2017-07-25T18:57:14","guid":{"rendered":"http:\/\/fit.lambda-it.me\/?page_id=207"},"modified":"2019-03-29T10:20:55","modified_gmt":"2019-03-29T10:20:55","slug":"rijec-dekana","status":"publish","type":"page","link":"https:\/\/ftht.unimediteran.net\/?page_id=207","title":{"rendered":"Rije\u010d dekana"},"content":{"rendered":"\n\t<h2><img loading=\"lazy\" decoding=\"async\" src=\"http:\/\/10.10.20.57\/turizam\/wp-content\/uploads\/2019\/03\/Capture.png\" alt=\"\" width=\"198\" height=\"184\" \/><\/h2>\n<h2>Po\u0161tovani budu\u0107i studenti,<\/h2>\n<p>Jedna od najva\u017enijih odluka u \u017eivotu jeste izbor pravog zanimanja koje \u0107e mu obezbijediti sigurnu budu\u0107nost, kojim \u0107e se baviti s\u2019 rado\u0161\u0107u, i u \u010demu \u0107e biti najbolji. Turizam je u Crnoj Gori glavni razvojni izazov, a na globalnom nivou jedna od klju\u010dnih industrija. Vjerujemo da su kreativnost, \u017eelja za postignu\u0107ima, komunikativnost i istra\u017eiva\u010dki duh, vrijednosti koje i vi ba\u0161tinite. Stoga, postaje vrlo smisleno da va\u0161e opredjeljenje bude upravo turizam.<\/p>\n<p>Fakultet za turizam je prva privatna visoko\u0161kolska ustanova u Crnoj Gori, sa prepoznatljivim rezultatima svojih diplomaca i postdiplomaca koji zaposlenje nalaze u \u0161irokom spektru zanimanja koje nudi turizam. O\u010dekuje vas iskusni tim profesora i saradnika koji savremenim metodama u nastavi, na najbolji na\u010din spaja teoriju i praksu.<\/p>\n<p>Na\u0161 cilj je da mlade ljude osposobimo da budu spremni da se uklju\u010de u dinami\u010dno i veoma konkurentno poslovno okru\u017eenje koje vlada u savremenom turizmu. Bi\u0107e nam zadovoljstvo da ovaj cilj ostvarimo zajedno.<\/p>\n<p>Dekan,<\/p>\n<p>Prof.dr Silvana \u0110ura\u0161evi\u0107<\/p>\n<p>&nbsp;<\/p>\n","protected":false},"excerpt":{"rendered":"<p>Po\u0161tovani budu\u0107i studenti, Jedna od najva\u017enijih odluka u \u017eivotu jeste izbor pravog zanimanja koje \u0107e mu obezbijediti sigurnu budu\u0107nost, kojim \u0107e se baviti s\u2019 rado\u0161\u0107u, i u \u010demu \u0107e biti najbolji. Turizam je u Crnoj Gori glavni razvojni izazov, a <a href=\"https:\/\/ftht.unimediteran.net\/?page_id=207\" class=\"read-more\">Read More &#8230;<\/a><\/p>\n","protected":false},"author":1,"featured_media":0,"parent":0,"menu_order":0,"comment_status":"closed","ping_status":"closed","template":"","meta":{"_exactmetrics_skip_tracking":false,"_exactmetrics_sitenote_active":false,"_exactmetrics_sitenote_note":"","_exactmetrics_sitenote_category":0,"footnotes":""},"class_list":["post-207","page","type-page","status-publish","hentry"],"yoast_head":"<!-- This site is optimized with the Yoast SEO plugin v24.3 - https:\/\/yoast.com\/wordpress\/plugins\/seo\/ -->\n<title>Rije\u010d Dekana<\/title>\n<meta name=\"description\" content=\"Fakultet za informacione tehnologoije, Univerzitet Mediteran. Podgorica. Osnovne i master (magistarske) studije iz oblastni Informacionih tehnologija (IT) sa akcentom na razvoju softvera, upravljanju informacionim sistemima i telekomunikacionim mre\u017eama.\" \/>\n<meta name=\"robots\" content=\"index, follow, max-snippet:-1, max-image-preview:large, max-video-preview:-1\" \/>\n<link rel=\"canonical\" href=\"https:\/\/ftht.unimediteran.net\/?page_id=207\" \/>\n<meta property=\"og:locale\" content=\"en_US\" \/>\n<meta property=\"og:type\" content=\"article\" \/>\n<meta property=\"og:title\" content=\"Rije\u010d Dekana\" \/>\n<meta property=\"og:description\" content=\"Fakultet za informacione tehnologoije, Univerzitet Mediteran. Podgorica. Osnovne i master (magistarske) studije iz oblastni Informacionih tehnologija (IT) sa akcentom na razvoju softvera, upravljanju informacionim sistemima i telekomunikacionim mre\u017eama.\" \/>\n<meta property=\"og:url\" content=\"https:\/\/ftht.unimediteran.net\/?page_id=207\" \/>\n<meta property=\"og:site_name\" content=\"Univerzitet Mediteran - Fakultet za Turizam\" \/>\n<meta property=\"article:publisher\" content=\"https:\/\/www.facebook.com\/fakultetzaturizammts\/\" \/>\n<meta property=\"article:modified_time\" content=\"2019-03-29T10:20:55+00:00\" \/>\n<meta property=\"og:image\" content=\"http:\/\/10.10.20.57\/turizam\/wp-content\/uploads\/2019\/03\/Capture.png\" \/>\n<meta name=\"twitter:card\" content=\"summary_large_image\" \/>\n<meta name=\"twitter:label1\" content=\"Est. reading time\" \/>\n\t<meta name=\"twitter:data1\" content=\"1 minute\" \/>\n<script type=\"application\/ld+json\" class=\"yoast-schema-graph\">{\"@context\":\"https:\/\/schema.org\",\"@graph\":[{\"@type\":\"WebPage\",\"@id\":\"https:\/\/ftht.unimediteran.net\/?page_id=207\",\"url\":\"https:\/\/ftht.unimediteran.net\/?page_id=207\",\"name\":\"Rije\u010d Dekana\",\"isPartOf\":{\"@id\":\"https:\/\/ftht.unimediteran.net\/#website\"},\"primaryImageOfPage\":{\"@id\":\"https:\/\/ftht.unimediteran.net\/?page_id=207#primaryimage\"},\"image\":{\"@id\":\"https:\/\/ftht.unimediteran.net\/?page_id=207#primaryimage\"},\"thumbnailUrl\":\"http:\/\/10.10.20.57\/turizam\/wp-content\/uploads\/2019\/03\/Capture.png\",\"datePublished\":\"2017-07-25T18:57:14+00:00\",\"dateModified\":\"2019-03-29T10:20:55+00:00\",\"description\":\"Fakultet za informacione tehnologoije, Univerzitet Mediteran. Podgorica. Osnovne i master (magistarske) studije iz oblastni Informacionih tehnologija (IT) sa akcentom na razvoju softvera, upravljanju informacionim sistemima i telekomunikacionim mre\u017eama.\",\"breadcrumb\":{\"@id\":\"https:\/\/ftht.unimediteran.net\/?page_id=207#breadcrumb\"},\"inLanguage\":\"sr-ME\",\"potentialAction\":[{\"@type\":\"ReadAction\",\"target\":[\"https:\/\/ftht.unimediteran.net\/?page_id=207\"]}]},{\"@type\":\"ImageObject\",\"inLanguage\":\"sr-ME\",\"@id\":\"https:\/\/ftht.unimediteran.net\/?page_id=207#primaryimage\",\"url\":\"http:\/\/10.10.20.57\/turizam\/wp-content\/uploads\/2019\/03\/Capture.png\",\"contentUrl\":\"http:\/\/10.10.20.57\/turizam\/wp-content\/uploads\/2019\/03\/Capture.png\"},{\"@type\":\"BreadcrumbList\",\"@id\":\"https:\/\/ftht.unimediteran.net\/?page_id=207#breadcrumb\",\"itemListElement\":[{\"@type\":\"ListItem\",\"position\":1,\"name\":\"Home\",\"item\":\"https:\/\/ftht.unimediteran.net\/\"},{\"@type\":\"ListItem\",\"position\":2,\"name\":\"Rije\u010d dekana\"}]},{\"@type\":\"WebSite\",\"@id\":\"https:\/\/ftht.unimediteran.net\/#website\",\"url\":\"https:\/\/ftht.unimediteran.net\/\",\"name\":\"Univerzitet Mediteran - Fakultet za Turizam\",\"description\":\"Fakultet za Informacione Tehnologije\",\"publisher\":{\"@id\":\"https:\/\/ftht.unimediteran.net\/#organization\"},\"potentialAction\":[{\"@type\":\"SearchAction\",\"target\":{\"@type\":\"EntryPoint\",\"urlTemplate\":\"https:\/\/ftht.unimediteran.net\/?s={search_term_string}\"},\"query-input\":{\"@type\":\"PropertyValueSpecification\",\"valueRequired\":true,\"valueName\":\"search_term_string\"}}],\"inLanguage\":\"sr-ME\"},{\"@type\":\"Organization\",\"@id\":\"https:\/\/ftht.unimediteran.net\/#organization\",\"name\":\"Fakultet za Turizam Univerzitet Mediteran\",\"url\":\"https:\/\/ftht.unimediteran.net\/\",\"logo\":{\"@type\":\"ImageObject\",\"inLanguage\":\"sr-ME\",\"@id\":\"https:\/\/ftht.unimediteran.net\/#\/schema\/logo\/image\/\",\"url\":\"https:\/\/ftht.unimediteran.net\/wp-content\/uploads\/2019\/03\/cropped-logo-1.png\",\"contentUrl\":\"https:\/\/ftht.unimediteran.net\/wp-content\/uploads\/2019\/03\/cropped-logo-1.png\",\"width\":145,\"height\":145,\"caption\":\"Fakultet za Turizam Univerzitet Mediteran\"},\"image\":{\"@id\":\"https:\/\/ftht.unimediteran.net\/#\/schema\/logo\/image\/\"},\"sameAs\":[\"https:\/\/www.facebook.com\/fakultetzaturizammts\/\",\"https:\/\/www.instagram.com\/fakultetzaturizammts\/\"]}]}<\/script>\n<!-- \/ Yoast SEO plugin. -->","yoast_head_json":{"title":"Rije\u010d Dekana","description":"Fakultet za informacione tehnologoije, Univerzitet Mediteran. Podgorica. Osnovne i master (magistarske) studije iz oblastni Informacionih tehnologija (IT) sa akcentom na razvoju softvera, upravljanju informacionim sistemima i telekomunikacionim mre\u017eama.","robots":{"index":"index","follow":"follow","max-snippet":"max-snippet:-1","max-image-preview":"max-image-preview:large","max-video-preview":"max-video-preview:-1"},"canonical":"https:\/\/ftht.unimediteran.net\/?page_id=207","og_locale":"en_US","og_type":"article","og_title":"Rije\u010d Dekana","og_description":"Fakultet za informacione tehnologoije, Univerzitet Mediteran. Podgorica. Osnovne i master (magistarske) studije iz oblastni Informacionih tehnologija (IT) sa akcentom na razvoju softvera, upravljanju informacionim sistemima i telekomunikacionim mre\u017eama.","og_url":"https:\/\/ftht.unimediteran.net\/?page_id=207","og_site_name":"Univerzitet Mediteran - Fakultet za Turizam","article_publisher":"https:\/\/www.facebook.com\/fakultetzaturizammts\/","article_modified_time":"2019-03-29T10:20:55+00:00","og_image":[{"url":"http:\/\/10.10.20.57\/turizam\/wp-content\/uploads\/2019\/03\/Capture.png","type":"","width":"","height":""}],"twitter_card":"summary_large_image","twitter_misc":{"Est. reading time":"1 minute"},"schema":{"@context":"https:\/\/schema.org","@graph":[{"@type":"WebPage","@id":"https:\/\/ftht.unimediteran.net\/?page_id=207","url":"https:\/\/ftht.unimediteran.net\/?page_id=207","name":"Rije\u010d Dekana","isPartOf":{"@id":"https:\/\/ftht.unimediteran.net\/#website"},"primaryImageOfPage":{"@id":"https:\/\/ftht.unimediteran.net\/?page_id=207#primaryimage"},"image":{"@id":"https:\/\/ftht.unimediteran.net\/?page_id=207#primaryimage"},"thumbnailUrl":"http:\/\/10.10.20.57\/turizam\/wp-content\/uploads\/2019\/03\/Capture.png","datePublished":"2017-07-25T18:57:14+00:00","dateModified":"2019-03-29T10:20:55+00:00","description":"Fakultet za informacione tehnologoije, Univerzitet Mediteran. Podgorica. Osnovne i master (magistarske) studije iz oblastni Informacionih tehnologija (IT) sa akcentom na razvoju softvera, upravljanju informacionim sistemima i telekomunikacionim mre\u017eama.","breadcrumb":{"@id":"https:\/\/ftht.unimediteran.net\/?page_id=207#breadcrumb"},"inLanguage":"sr-ME","potentialAction":[{"@type":"ReadAction","target":["https:\/\/ftht.unimediteran.net\/?page_id=207"]}]},{"@type":"ImageObject","inLanguage":"sr-ME","@id":"https:\/\/ftht.unimediteran.net\/?page_id=207#primaryimage","url":"http:\/\/10.10.20.57\/turizam\/wp-content\/uploads\/2019\/03\/Capture.png","contentUrl":"http:\/\/10.10.20.57\/turizam\/wp-content\/uploads\/2019\/03\/Capture.png"},{"@type":"BreadcrumbList","@id":"https:\/\/ftht.unimediteran.net\/?page_id=207#breadcrumb","itemListElement":[{"@type":"ListItem","position":1,"name":"Home","item":"https:\/\/ftht.unimediteran.net\/"},{"@type":"ListItem","position":2,"name":"Rije\u010d dekana"}]},{"@type":"WebSite","@id":"https:\/\/ftht.unimediteran.net\/#website","url":"https:\/\/ftht.unimediteran.net\/","name":"Univerzitet Mediteran - Fakultet za Turizam","description":"Fakultet za Informacione Tehnologije","publisher":{"@id":"https:\/\/ftht.unimediteran.net\/#organization"},"potentialAction":[{"@type":"SearchAction","target":{"@type":"EntryPoint","urlTemplate":"https:\/\/ftht.unimediteran.net\/?s={search_term_string}"},"query-input":{"@type":"PropertyValueSpecification","valueRequired":true,"valueName":"search_term_string"}}],"inLanguage":"sr-ME"},{"@type":"Organization","@id":"https:\/\/ftht.unimediteran.net\/#organization","name":"Fakultet za Turizam Univerzitet Mediteran","url":"https:\/\/ftht.unimediteran.net\/","logo":{"@type":"ImageObject","inLanguage":"sr-ME","@id":"https:\/\/ftht.unimediteran.net\/#\/schema\/logo\/image\/","url":"https:\/\/ftht.unimediteran.net\/wp-content\/uploads\/2019\/03\/cropped-logo-1.png","contentUrl":"https:\/\/ftht.unimediteran.net\/wp-content\/uploads\/2019\/03\/cropped-logo-1.png","width":145,"height":145,"caption":"Fakultet za Turizam Univerzitet Mediteran"},"image":{"@id":"https:\/\/ftht.unimediteran.net\/#\/schema\/logo\/image\/"},"sameAs":["https:\/\/www.facebook.com\/fakultetzaturizammts\/","https:\/\/www.instagram.com\/fakultetzaturizammts\/"]}]}},"_links":{"self":[{"href":"https:\/\/ftht.unimediteran.net\/index.php?rest_route=\/wp\/v2\/pages\/207","targetHints":{"allow":["GET"]}}],"collection":[{"href":"https:\/\/ftht.unimediteran.net\/index.php?rest_route=\/wp\/v2\/pages"}],"about":[{"href":"https:\/\/ftht.unimediteran.net\/index.php?rest_route=\/wp\/v2\/types\/page"}],"author":[{"embeddable":true,"href":"https:\/\/ftht.unimediteran.net\/index.php?rest_route=\/wp\/v2\/users\/1"}],"replies":[{"embeddable":true,"href":"https:\/\/ftht.unimediteran.net\/index.php?rest_route=%2Fwp%2Fv2%2Fcomments&post=207"}],"version-history":[{"count":11,"href":"https:\/\/ftht.unimediteran.net\/index.php?rest_route=\/wp\/v2\/pages\/207\/revisions"}],"predecessor-version":[{"id":2210,"href":"https:\/\/ftht.unimediteran.net\/index.php?rest_route=\/wp\/v2\/pages\/207\/revisions\/2210"}],"wp:attachment":[{"href":"https:\/\/ftht.unimediteran.net\/index.php?rest_route=%2Fwp%2Fv2%2Fmedia&parent=207"}],"curies":[{"name":"wp","href":"https:\/\/api.w.org\/{rel}","templated":true}]}}