{"id":2677,"date":"2019-04-22T09:39:20","date_gmt":"2019-04-22T09:39:20","guid":{"rendered":"http:\/\/10.10.20.57\/turizam\/?page_id=2677"},"modified":"2019-06-03T09:55:58","modified_gmt":"2019-06-03T09:55:58","slug":"proces-studiranja","status":"publish","type":"page","link":"https:\/\/ftht.unimediteran.net\/?page_id=2677","title":{"rendered":"Proces studiranja"},"content":{"rendered":"\n\t<h3>Po\u010detak studija u Distance Learning-u<\/h3>\n<p>Nakon obavljenog upisa, studenti u DL varijanti se unose u Distance Learning System (DLS) i dodeljuju im se prvi predmeti. Sve neophodni materijali za u\u010denje se \u0161alju po\u0161tom, u sklopu DL paketa, koji dobijaju svi studenti u Distance Learning varijanti studiranja.<\/p>\n<h3>Sadr\u017eaj DL paketa<\/h3>\n<ul>\n<li>Materijali za u\u010denje na CD-u<\/li>\n<li>Username i password za pristup DLS-u<\/li>\n<li>Uputstvo za kori\u0161\u0107enje DLS-a<\/li>\n<li>Uputstvo za izradu seminarskih radova<\/li>\n<li>Pravila \u0161kolovanja za DL studente<\/li>\n<\/ul>\n<h3>Dinamika studija<\/h3>\n<p>Student u varijanti Distance Learning sam bira dinamiku i vrijeme u\u010denja, \u0161to zna\u010di da nije u obavezi da prati sve predmete istovremeno. Predmeti se sastoje iz odre\u0111enog broja nastavnih modula, \u010dije otvaranje i pra\u0107enje je vremenski proizvoljno od strane svakog studenta. Zavr\u0161etak rada iz pojedinih predmeta nije vezano za ostale predmete iz tog semestra.<\/p>\n<h3>Rad sistema tokom godine<\/h3>\n<p>DL platforma je aktivna tokom \u010ditave godine i dostupna je svim korisnicima, 365 dana godi\u0161nje, 24 \u010dasa dnevno.<\/p>\n<h3>Provjera znanja<\/h3>\n<p>Predvi\u0111eno je da studenti u DL varijanti imaju provjeru znanja nakon svakog pre\u0111enog nastavnog modula. Na\u010din provjere znanja zavisi od vrste i prirode predmeta, a mo\u017ee da se sastoji od:<\/p>\n<ul>\n<li>testa po modulu<\/li>\n<li>seminarskog rada<\/li>\n<li>projekta.<\/li>\n<\/ul>\n<p>Student je u obavezi da nakon svakog nastavnog modula radi testove i projekte, \u010dime sti\u010de uslov za pristup slede\u0107em modulu. Ovime je obezbje\u0111en kontinuitet u radu svakog studenta i sticanje predznanja za prelazak na sljede\u0107e nastavne module.<\/p>\n<h3>Konsultacije<\/h3>\n<p>Pored navedenih provjera znanja, svakom studentu je ostavljena mogu\u0107nost aktivnijeg u\u010de\u0161\u0107a u radu i to kroz:<\/p>\n<ul>\n<li>postavljanje pitanja profesoru<\/li>\n<li>chat sa profesorima i ostalim kolegama<\/li>\n<li>diskusije sa ostalim studentama i kolegama na forumu MTS-a<\/li>\n<li>online konsultacije sa profesorima<\/li>\n<li>predlaganje interesantnih web adresa i tutorijala<\/li>\n<\/ul>\nSve navedene aktivnosti su implementirane unutar Distance Learning System-a, \u010dime se olak\u0161ava rad i kori\u0161\u0107enje, i izbjegava upotreba dodatnih softverskih rje\u0161enja.\u00a0Takodje, sve navedene aktivnosti se dodatno kreditiraju i posebno vrednuju u kona\u010dnoj ocjeni studenta na tom predmetu.<br \/>\nPredvi\u0111ene su i konsultacije &#8220;na zemlji&#8221;, jednom mjese\u010dno u prethodno dogovorenim terminima, na kojima \u0107e studenti imati mogu\u0107nost direktnih konsultacija sa profesorom.\n<h3>Polaganje ispita<\/h3>\n<p>Polaganje ispita u varijanti studiranja na daljinu vr\u0161i se &#8220;na zemlji&#8221;, odnosno u prostorijama MTS-a.<\/p>\n<h3>Ocjenjivanje<\/h3>\n<p>Nakon kompletiranih svih nastavnih modula u okviru jednog predmeta utvr\u0111uje se preliminarna ocjena, prema broju osvojenih kredita na tom predmetu. U zavisnosti od na\u010dina odbrane kona\u010dna ocjena mo\u017ee da bude i ve\u0107a ili manja u odnosu na preliminarnu ocjenu. Kona\u010dna ocjena je zbir svih utisaka o radu studenta u Distance Learning-u, ocjena na projektima i radovima, rezultati na testovima, u\u010de\u0161\u0107e u dodatnim aktivnostima, kvaliteta odbane radova, kao i zavr\u0161nog polaganja ispita.<\/p>\n<h3>Arhiviranje predmeta<\/h3>\n<p>Predmeti koji su uspje\u0161no polo\u017eeni i odbranjeni sme\u0161taju se u arhivu DLS-a, koja se vodi za svakog studenta MTS-a. Zavr\u0161eni predmeti se zaklju\u010davaju, student ih i dalje vidi u sistemu, ali nema mogu\u0107nosti ponovnog otvaranja i kori\u0161\u0107enja pojedinih elemenata, testova, projekata i dr.<\/p>\n","protected":false},"excerpt":{"rendered":"<p>Po\u010detak studija u Distance Learning-u Nakon obavljenog upisa, studenti u DL varijanti se unose u Distance Learning System (DLS) i dodeljuju im se prvi predmeti. Sve neophodni materijali za u\u010denje se \u0161alju po\u0161tom, u sklopu DL paketa, koji dobijaju svi <a href=\"https:\/\/ftht.unimediteran.net\/?page_id=2677\" class=\"read-more\">Read More &#8230;<\/a><\/p>\n","protected":false},"author":14,"featured_media":0,"parent":0,"menu_order":0,"comment_status":"closed","ping_status":"closed","template":"","meta":{"_exactmetrics_skip_tracking":false,"_exactmetrics_sitenote_active":false,"_exactmetrics_sitenote_note":"","_exactmetrics_sitenote_category":0,"footnotes":""},"class_list":["post-2677","page","type-page","status-publish","hentry"],"yoast_head":"<!-- This site is optimized with the Yoast SEO plugin v24.3 - https:\/\/yoast.com\/wordpress\/plugins\/seo\/ -->\n<title>Proces studiranja - Univerzitet Mediteran - Fakultet za Turizam<\/title>\n<meta name=\"description\" content=\"Fakultet za informacione tehnologoije, Univerzitet Mediteran. Podgorica. Osnovne i master (magistarske) studije iz oblastni Informacionih tehnologija (IT) sa akcentom na razvoju softvera, upravljanju informacionim sistemima i telekomunikacionim mre\u017eama.\" \/>\n<meta name=\"robots\" content=\"index, follow, max-snippet:-1, max-image-preview:large, max-video-preview:-1\" \/>\n<link rel=\"canonical\" href=\"https:\/\/ftht.unimediteran.net\/?page_id=2677\" \/>\n<meta property=\"og:locale\" content=\"en_US\" \/>\n<meta property=\"og:type\" content=\"article\" \/>\n<meta property=\"og:title\" content=\"Proces studiranja - Univerzitet Mediteran - Fakultet za Turizam\" \/>\n<meta property=\"og:description\" content=\"Fakultet za informacione tehnologoije, Univerzitet Mediteran. Podgorica. Osnovne i master (magistarske) studije iz oblastni Informacionih tehnologija (IT) sa akcentom na razvoju softvera, upravljanju informacionim sistemima i telekomunikacionim mre\u017eama.\" \/>\n<meta property=\"og:url\" content=\"https:\/\/ftht.unimediteran.net\/?page_id=2677\" \/>\n<meta property=\"og:site_name\" content=\"Univerzitet Mediteran - Fakultet za Turizam\" \/>\n<meta property=\"article:publisher\" content=\"https:\/\/www.facebook.com\/fakultetzaturizammts\/\" \/>\n<meta property=\"article:modified_time\" content=\"2019-06-03T09:55:58+00:00\" \/>\n<meta name=\"twitter:card\" content=\"summary_large_image\" \/>\n<meta name=\"twitter:label1\" content=\"Est. reading time\" \/>\n\t<meta name=\"twitter:data1\" content=\"3 minutes\" \/>\n<script type=\"application\/ld+json\" class=\"yoast-schema-graph\">{\"@context\":\"https:\/\/schema.org\",\"@graph\":[{\"@type\":\"WebPage\",\"@id\":\"https:\/\/ftht.unimediteran.net\/?page_id=2677\",\"url\":\"https:\/\/ftht.unimediteran.net\/?page_id=2677\",\"name\":\"Proces studiranja - Univerzitet Mediteran - Fakultet za Turizam\",\"isPartOf\":{\"@id\":\"https:\/\/ftht.unimediteran.net\/#website\"},\"datePublished\":\"2019-04-22T09:39:20+00:00\",\"dateModified\":\"2019-06-03T09:55:58+00:00\",\"description\":\"Fakultet za informacione tehnologoije, Univerzitet Mediteran. Podgorica. Osnovne i master (magistarske) studije iz oblastni Informacionih tehnologija (IT) sa akcentom na razvoju softvera, upravljanju informacionim sistemima i telekomunikacionim mre\u017eama.\",\"breadcrumb\":{\"@id\":\"https:\/\/ftht.unimediteran.net\/?page_id=2677#breadcrumb\"},\"inLanguage\":\"sr-ME\",\"potentialAction\":[{\"@type\":\"ReadAction\",\"target\":[\"https:\/\/ftht.unimediteran.net\/?page_id=2677\"]}]},{\"@type\":\"BreadcrumbList\",\"@id\":\"https:\/\/ftht.unimediteran.net\/?page_id=2677#breadcrumb\",\"itemListElement\":[{\"@type\":\"ListItem\",\"position\":1,\"name\":\"Home\",\"item\":\"https:\/\/ftht.unimediteran.net\/\"},{\"@type\":\"ListItem\",\"position\":2,\"name\":\"Proces studiranja\"}]},{\"@type\":\"WebSite\",\"@id\":\"https:\/\/ftht.unimediteran.net\/#website\",\"url\":\"https:\/\/ftht.unimediteran.net\/\",\"name\":\"Univerzitet Mediteran - Fakultet za Turizam\",\"description\":\"Fakultet za Informacione Tehnologije\",\"publisher\":{\"@id\":\"https:\/\/ftht.unimediteran.net\/#organization\"},\"potentialAction\":[{\"@type\":\"SearchAction\",\"target\":{\"@type\":\"EntryPoint\",\"urlTemplate\":\"https:\/\/ftht.unimediteran.net\/?s={search_term_string}\"},\"query-input\":{\"@type\":\"PropertyValueSpecification\",\"valueRequired\":true,\"valueName\":\"search_term_string\"}}],\"inLanguage\":\"sr-ME\"},{\"@type\":\"Organization\",\"@id\":\"https:\/\/ftht.unimediteran.net\/#organization\",\"name\":\"Fakultet za Turizam Univerzitet Mediteran\",\"url\":\"https:\/\/ftht.unimediteran.net\/\",\"logo\":{\"@type\":\"ImageObject\",\"inLanguage\":\"sr-ME\",\"@id\":\"https:\/\/ftht.unimediteran.net\/#\/schema\/logo\/image\/\",\"url\":\"https:\/\/ftht.unimediteran.net\/wp-content\/uploads\/2019\/03\/cropped-logo-1.png\",\"contentUrl\":\"https:\/\/ftht.unimediteran.net\/wp-content\/uploads\/2019\/03\/cropped-logo-1.png\",\"width\":145,\"height\":145,\"caption\":\"Fakultet za Turizam Univerzitet Mediteran\"},\"image\":{\"@id\":\"https:\/\/ftht.unimediteran.net\/#\/schema\/logo\/image\/\"},\"sameAs\":[\"https:\/\/www.facebook.com\/fakultetzaturizammts\/\",\"https:\/\/www.instagram.com\/fakultetzaturizammts\/\"]}]}<\/script>\n<!-- \/ Yoast SEO plugin. -->","yoast_head_json":{"title":"Proces studiranja - Univerzitet Mediteran - Fakultet za Turizam","description":"Fakultet za informacione tehnologoije, Univerzitet Mediteran. Podgorica. Osnovne i master (magistarske) studije iz oblastni Informacionih tehnologija (IT) sa akcentom na razvoju softvera, upravljanju informacionim sistemima i telekomunikacionim mre\u017eama.","robots":{"index":"index","follow":"follow","max-snippet":"max-snippet:-1","max-image-preview":"max-image-preview:large","max-video-preview":"max-video-preview:-1"},"canonical":"https:\/\/ftht.unimediteran.net\/?page_id=2677","og_locale":"en_US","og_type":"article","og_title":"Proces studiranja - Univerzitet Mediteran - Fakultet za Turizam","og_description":"Fakultet za informacione tehnologoije, Univerzitet Mediteran. Podgorica. Osnovne i master (magistarske) studije iz oblastni Informacionih tehnologija (IT) sa akcentom na razvoju softvera, upravljanju informacionim sistemima i telekomunikacionim mre\u017eama.","og_url":"https:\/\/ftht.unimediteran.net\/?page_id=2677","og_site_name":"Univerzitet Mediteran - Fakultet za Turizam","article_publisher":"https:\/\/www.facebook.com\/fakultetzaturizammts\/","article_modified_time":"2019-06-03T09:55:58+00:00","twitter_card":"summary_large_image","twitter_misc":{"Est. reading time":"3 minutes"},"schema":{"@context":"https:\/\/schema.org","@graph":[{"@type":"WebPage","@id":"https:\/\/ftht.unimediteran.net\/?page_id=2677","url":"https:\/\/ftht.unimediteran.net\/?page_id=2677","name":"Proces studiranja - Univerzitet Mediteran - Fakultet za Turizam","isPartOf":{"@id":"https:\/\/ftht.unimediteran.net\/#website"},"datePublished":"2019-04-22T09:39:20+00:00","dateModified":"2019-06-03T09:55:58+00:00","description":"Fakultet za informacione tehnologoije, Univerzitet Mediteran. Podgorica. Osnovne i master (magistarske) studije iz oblastni Informacionih tehnologija (IT) sa akcentom na razvoju softvera, upravljanju informacionim sistemima i telekomunikacionim mre\u017eama.","breadcrumb":{"@id":"https:\/\/ftht.unimediteran.net\/?page_id=2677#breadcrumb"},"inLanguage":"sr-ME","potentialAction":[{"@type":"ReadAction","target":["https:\/\/ftht.unimediteran.net\/?page_id=2677"]}]},{"@type":"BreadcrumbList","@id":"https:\/\/ftht.unimediteran.net\/?page_id=2677#breadcrumb","itemListElement":[{"@type":"ListItem","position":1,"name":"Home","item":"https:\/\/ftht.unimediteran.net\/"},{"@type":"ListItem","position":2,"name":"Proces studiranja"}]},{"@type":"WebSite","@id":"https:\/\/ftht.unimediteran.net\/#website","url":"https:\/\/ftht.unimediteran.net\/","name":"Univerzitet Mediteran - Fakultet za Turizam","description":"Fakultet za Informacione Tehnologije","publisher":{"@id":"https:\/\/ftht.unimediteran.net\/#organization"},"potentialAction":[{"@type":"SearchAction","target":{"@type":"EntryPoint","urlTemplate":"https:\/\/ftht.unimediteran.net\/?s={search_term_string}"},"query-input":{"@type":"PropertyValueSpecification","valueRequired":true,"valueName":"search_term_string"}}],"inLanguage":"sr-ME"},{"@type":"Organization","@id":"https:\/\/ftht.unimediteran.net\/#organization","name":"Fakultet za Turizam Univerzitet Mediteran","url":"https:\/\/ftht.unimediteran.net\/","logo":{"@type":"ImageObject","inLanguage":"sr-ME","@id":"https:\/\/ftht.unimediteran.net\/#\/schema\/logo\/image\/","url":"https:\/\/ftht.unimediteran.net\/wp-content\/uploads\/2019\/03\/cropped-logo-1.png","contentUrl":"https:\/\/ftht.unimediteran.net\/wp-content\/uploads\/2019\/03\/cropped-logo-1.png","width":145,"height":145,"caption":"Fakultet za Turizam Univerzitet Mediteran"},"image":{"@id":"https:\/\/ftht.unimediteran.net\/#\/schema\/logo\/image\/"},"sameAs":["https:\/\/www.facebook.com\/fakultetzaturizammts\/","https:\/\/www.instagram.com\/fakultetzaturizammts\/"]}]}},"_links":{"self":[{"href":"https:\/\/ftht.unimediteran.net\/index.php?rest_route=\/wp\/v2\/pages\/2677","targetHints":{"allow":["GET"]}}],"collection":[{"href":"https:\/\/ftht.unimediteran.net\/index.php?rest_route=\/wp\/v2\/pages"}],"about":[{"href":"https:\/\/ftht.unimediteran.net\/index.php?rest_route=\/wp\/v2\/types\/page"}],"author":[{"embeddable":true,"href":"https:\/\/ftht.unimediteran.net\/index.php?rest_route=\/wp\/v2\/users\/14"}],"replies":[{"embeddable":true,"href":"https:\/\/ftht.unimediteran.net\/index.php?rest_route=%2Fwp%2Fv2%2Fcomments&post=2677"}],"version-history":[{"count":2,"href":"https:\/\/ftht.unimediteran.net\/index.php?rest_route=\/wp\/v2\/pages\/2677\/revisions"}],"predecessor-version":[{"id":2690,"href":"https:\/\/ftht.unimediteran.net\/index.php?rest_route=\/wp\/v2\/pages\/2677\/revisions\/2690"}],"wp:attachment":[{"href":"https:\/\/ftht.unimediteran.net\/index.php?rest_route=%2Fwp%2Fv2%2Fmedia&parent=2677"}],"curies":[{"name":"wp","href":"https:\/\/api.w.org\/{rel}","templated":true}]}}